{"id":67,"date":"2023-09-21T22:12:47","date_gmt":"2023-09-21T22:12:47","guid":{"rendered":"https:\/\/praxisempresarialsa.com\/?page_id=67"},"modified":"2023-11-19T22:30:22","modified_gmt":"2023-11-19T22:30:22","slug":"strategos-u-gestion-estrategica-y-direccion-de-universidades","status":"publish","type":"page","link":"https:\/\/praxisempresarialsa.com\/index.php\/strategos-u-gestion-estrategica-y-direccion-de-universidades\/","title":{"rendered":"STRATEGOS U: GESTI\u00d3N ESTRAT\u00c9GICA Y DIRECCI\u00d3N DE UNIVERSIDADES"},"content":{"rendered":"\n<p class=\"has-black-color has-text-color\" style=\"font-size:15px\">Nuestro principio rector es \u201clograr que las empresas e instituciones que asesoramos crezcan, generen excedentes, tengan mayor valor y cumplan con su misi\u00f3n institucional&#8221;, el cual est\u00e1 respaldado por nuestros m\u00e1s de 20 a\u00f1os de experiencia en m\u00faltiples sectores, equipo multidisciplinario de expertos, evidencia de \u00e9xito en empresas e instituciones nacionales e internacionales (m\u00e1s de 90 empresas e Instituciones de Educaci\u00f3n Superior satisfechas), metodolog\u00eda comprobada de acciones estrat\u00e9gicas de alto impacto, metodolog\u00eda comprobada para la innovaci\u00f3n (INNOVA PLUS) y tecnolog\u00eda para la capacitaci\u00f3n de los equipos de trabajo (SKILLSPLUS).<\/p>\n","protected":false},"excerpt":{"rendered":"<p>Nuestro principio rector es \u201clograr que las empresas e instituciones que asesoramos crezcan, generen excedentes, tengan mayor valor y cumplan con su misi\u00f3n institucional&#8221;, el cual est\u00e1 respaldado por nuestros m\u00e1s de 20 a\u00f1os de experiencia en m\u00faltiples sectores, equipo multidisciplinario de expertos, evidencia de \u00e9xito en empresas e instituciones nacionales e internacionales (m\u00e1s de [&hellip;]<\/p>\n<p class=\"more-link style2\"><a href=\"https:\/\/praxisempresarialsa.com\/index.php\/strategos-u-gestion-estrategica-y-direccion-de-universidades\/\"  class=\"themebutton\"><span class=\"more-text\">READ MORE<\/span><span class=\"more-icon\"><i class=\"fa fa-angle-right fa-lg\"><\/i><\/span><\/a><\/p>\n","protected":false},"author":1,"featured_media":0,"parent":0,"menu_order":0,"comment_status":"closed","ping_status":"closed","template":"","meta":{"_monsterinsights_skip_tracking":false,"_monsterinsights_sitenote_active":false,"_monsterinsights_sitenote_note":"","_monsterinsights_sitenote_category":0,"footnotes":""},"categories":[],"tags":[],"aioseo_notices":[],"_links":{"self":[{"href":"https:\/\/praxisempresarialsa.com\/index.php\/wp-json\/wp\/v2\/pages\/67"}],"collection":[{"href":"https:\/\/praxisempresarialsa.com\/index.php\/wp-json\/wp\/v2\/pages"}],"about":[{"href":"https:\/\/praxisempresarialsa.com\/index.php\/wp-json\/wp\/v2\/types\/page"}],"author":[{"embeddable":true,"href":"https:\/\/praxisempresarialsa.com\/index.php\/wp-json\/wp\/v2\/users\/1"}],"replies":[{"embeddable":true,"href":"https:\/\/praxisempresarialsa.com\/index.php\/wp-json\/wp\/v2\/comments?post=67"}],"version-history":[{"count":18,"href":"https:\/\/praxisempresarialsa.com\/index.php\/wp-json\/wp\/v2\/pages\/67\/revisions"}],"predecessor-version":[{"id":350,"href":"https:\/\/praxisempresarialsa.com\/index.php\/wp-json\/wp\/v2\/pages\/67\/revisions\/350"}],"wp:attachment":[{"href":"https:\/\/praxisempresarialsa.com\/index.php\/wp-json\/wp\/v2\/media?parent=67"}],"wp:term":[{"taxonomy":"category","embeddable":true,"href":"https:\/\/praxisempresarialsa.com\/index.php\/wp-json\/wp\/v2\/categories?post=67"},{"taxonomy":"post_tag","embeddable":true,"href":"https:\/\/praxisempresarialsa.com\/index.php\/wp-json\/wp\/v2\/tags?post=67"}],"curies":[{"name":"wp","href":"https:\/\/api.w.org\/{rel}","templated":true}]}}